{"id":3,"date":"2024-05-21T22:21:51","date_gmt":"2024-05-21T22:21:51","guid":{"rendered":"https:\/\/aoservicodaamamentacao.pt\/asa\/?page_id=3"},"modified":"2024-11-30T03:19:53","modified_gmt":"2024-11-30T03:19:53","slug":"privacidade","status":"publish","type":"page","link":"https:\/\/aoservicodaamamentacao.pt\/asa\/privacidade\/","title":{"rendered":"Privacidade"},"content":{"rendered":"\n<figure class=\"wp-block-image alignfull size-large wp-duotone-unset-1\"><img decoding=\"async\" src=\"https:\/\/aoservicodaamamentacao.pt\/asa\/wp-content\/uploads\/2024\/06\/asa-amap_barra.jpg\" alt=\"\" class=\"wp-image-308\"\/><\/figure>\n\n\n\n<div style=\"height:20px\" aria-hidden=\"true\" class=\"wp-block-spacer\"><\/div>\n\n\n\n<h2 class=\"wp-block-heading has-text-align-center\"><strong>Pol\u00edtica de Privacidade<\/strong><\/h2>\n\n\n\n<p><span style=\"font-size: medium;\">A Associa\u00e7\u00e3o Movimento Amamentar em Portugal est\u00e1 empenhada em manter a sua confian\u00e7a. A diretiva de privacidade online destina-se a proteger e resguardar os seus dados pessoais (quaisquer informa\u00e7\u00f5es pelas quais possa vir a ser identificado\/a) que venha a fornecer-nos online.<\/span><\/p>\n\n\n\n<h3 class=\"wp-block-heading\"><strong>Sensibiliza\u00e7\u00e3o<\/strong><\/h3>\n\n\n\n<p><span style=\"font-size: medium;\">A Associa\u00e7\u00e3o Movimento Amamentar em Portugal disponibiliza esta pol\u00edtica de privacidade online para informar como os seus dados s\u00e3o recolhidos e usados, bem como para alertar sobre nossas pr\u00e1ticas de seguran\u00e7a. Tamb\u00e9m disponibilizamos a possibilidade de remover o seu nome da nossa base de dados, se assim o desejar.<\/span><\/p>\n\n\n\n<h3 class=\"wp-block-heading\"><strong>As informa\u00e7\u00f5es que recolhemos<\/strong><\/h3>\n\n\n\n<p><span style=\"font-size: medium;\">Existem tr\u00eas formas diferentes de receber dados dos utilizadores dos nossos Websites:<br>1. Atrav\u00e9s de pedidos de informa\u00e7\u00f5es online ( correio eletr\u00f3nico, newsletters, formul\u00e1rios de contacto, etc);<br>2. Atrav\u00e9s subscri\u00e7\u00e3o dos nossos servi\u00e7os online (inscri\u00e7\u00f5es cursos, eventos ou atividades);<br>3. Cria\u00e7\u00e3o de Ficha de cliente.<\/span><\/p>\n\n\n\n<p><span style=\"font-size: medium;\">A informa\u00e7\u00e3o que podemos recolher online inclui nome, idade, fun\u00e7\u00e3o, endere\u00e7o completo com c\u00f3digo postal, n\u00famero de telefone e endere\u00e7o de email. Com o objetivo de melhorar continuamente o nosso servi\u00e7o e personalizar as nossas comunica\u00e7\u00f5es futuras, tamb\u00e9m poderemos pedir-lhe alguns dados estat\u00edsticos, coment\u00e1rios, interesses profissionais, e prefer\u00eancias de contacto.<\/span><\/p>\n\n\n\n<h3 class=\"wp-block-heading\"><strong>Como \u00e9 utilizada a informa\u00e7\u00e3o<\/strong><\/h3>\n\n\n\n<p><span style=\"font-size: medium;\">A Associa\u00e7\u00e3o Movimento Amamentar em Portugal utiliza os seus dados para compreender as suas necessidades e para lhe proporcionar um melhor servi\u00e7o online. Poderemos usar os seus dados para personalizar o nosso site para si. Se assim o desejar, tamb\u00e9m poderemos usar esses dados para lhe enviar informa\u00e7\u00f5es atualizadas sobre projetos e atividades do nosso projeto. Tamb\u00e9m disponibilizamos a oportunidade de remover o seu nome da nossa base de dados, se assim o desejar. Por favor, rev\u00ea a sec\u00e7\u00e3o correspondente mais abaixo nesta diretiva de privacidade.<\/span><\/p>\n\n\n\n<p><span style=\"font-size: medium;\">Al\u00e9m disso, a Associa\u00e7\u00e3o Movimento Amamentar em Portugal n\u00e3o lhe enviar\u00e1 correio eletr\u00f3nico, que n\u00e3o tenha concordado em receber. Podemos enviar-lhe periodicamente correio eletr\u00f3nico, para anunciar informa\u00e7\u00f5es de eventos. Se optar por fornecer o seu endere\u00e7o postal num formul\u00e1rio online, poder\u00e1 tamb\u00e9m receber alguma correspond\u00eancia da nossa parte.<\/span><\/p>\n\n\n\n<h3 class=\"wp-block-heading\"><strong>N\u00e3o desvendamos Informa\u00e7\u00f5es Pessoais<\/strong><\/h3>\n\n\n\n<p><span style=\"font-size: medium;\">A Associa\u00e7\u00e3o Movimento Amamentar em Portugal nunca vende, aluga, arrenda ou troca os seus dados pessoais com outras organiza\u00e7\u00f5es. A Associa\u00e7\u00e3o Movimento Amamentar em Portugal garante que a identidade de todos os que entrem em contacto connosco atrav\u00e9s deste site ser\u00e1 mantida em sigilo. A Associa\u00e7\u00e3o Movimento Amamentar em Portugal pode ocasionalmente enviar informa\u00e7\u00f5es em nome de outras organiza\u00e7\u00f5es ou projetos, quando os seus interesses se alinham com os da Associa\u00e7\u00e3o Movimento Amamentar em Portugal . A utiliza\u00e7\u00e3o dos seus dados pessoais ser\u00e1 limitada a promover as atividades do projeto da Associa\u00e7\u00e3o Movimento Amamentar em Portugal e projetos associados.<\/span><\/p>\n\n\n\n<h3 class=\"wp-block-heading\"><strong>Seguran\u00e7a<\/strong><\/h3>\n\n\n\n<p><span style=\"font-size: medium;\">A Associa\u00e7\u00e3o Movimento Amamentar em Portugal est\u00e1 empenhada em garantir a seguran\u00e7a dos seus dados pessoais. Para impedir o acesso n\u00e3o autorizado, manter o rigor e assegurar o uso adequado da informa\u00e7\u00e3o, estabelecemos e implementamos procedimentos f\u00edsicos, eletr\u00f3nicos e administrativos para salvaguardar e proteger as informa\u00e7\u00f5es que recolhemos online. Ao recolher ou transferir na Internet dados sens\u00edveis, tais como dados pessoais, o A Associa\u00e7\u00e3o Movimento Amamentar em Portugal utiliza Software de encripta\u00e7\u00e3o, Secure Socket Layer Protocol (SSL) . Todos os dados digitados s\u00e3o encriptados no seu browser, enviados pela Internet de forma encriptada, e depois encriptados no nosso servidor. Assim que recebemos os seus dados, estes apenas est\u00e3o acess\u00edveis a um pequeno n\u00famero de funcion\u00e1rios de confian\u00e7a da Associa\u00e7\u00e3o Movimento Amamentar em Portugal que foram especialmente formados para os acompanhar.<\/span><\/p>\n\n\n\n<h3 class=\"wp-block-heading\"><strong>Cookies<\/strong><\/h3>\n\n\n\n<p><span style=\"font-size: medium;\">Periodicamente, poderemos enviar um &#8220;cookie&#8221; para o seu computador. Um cookie \u00e9 uma chave de dados que s\u00e3o enviados para o seu navegador a partir de um servidor Web e armazenados no disco r\u00edgido do seu computador. Um cookie n\u00e3o pode ler dados do seu disco r\u00edgido nem ler ficheiros cookie criados por outros sites. Os cookies n\u00e3o danificam o seu sistema. Usamos cookies para reconhecer a sua identidade quando voltar aos nossos sites, ou para identificar as \u00e1reas visitadas na nossa rede de sites. Podemos usar essa informa\u00e7\u00e3o para personalizar melhor o conte\u00fado exibido nos nossos sites.<\/span><\/p>\n\n\n\n<p><span style=\"font-size: medium;\">Muitos sites instalam cookies no seu disco r\u00edgido. Pode optar por aceitar cookies alterando as configura\u00e7\u00f5es do seu navegador. O seu navegador pode recusar todos os cookies, ou mostrar-lhe quando um cookie est\u00e1 a ser enviado. Se optar por n\u00e3o aceitar esses cookies, a sua experi\u00eancia no nosso site e noutros sites associados poder\u00e1 ser reduzida e algumas funcionalidades poder\u00e3o n\u00e3o funcionar como previsto.<\/span><\/p>\n\n\n\n<h3 class=\"wp-block-heading\"><strong>Privacidade de crian\u00e7as online<\/strong><\/h3>\n\n\n\n<p><span style=\"font-size: medium;\">Estamos preocupados com a prote\u00e7\u00e3o da privacidade das crian\u00e7as e jovens, e n\u00e3o recolhemos quaisquer dados pessoais al\u00e9m do que \u00e9 razoavelmente necess\u00e1rio para lhes permitir a participa\u00e7\u00e3o nas atividades que oferecemos nos nossos sites. Encorajamos que acompanhe o seu filho nos acessos \u00e0 Internet e ao nosso site a fim de garantir que sua privacidade seja bem protegida.<\/span><\/p>\n\n\n\n<p><span style=\"font-size: medium;\">Pode ler mais sobre seguran\u00e7a online e como deve envolver-se mais na experi\u00eancia online dos seus filhos, indo ao site da Comiss\u00e3o de Protec\u00e7\u00e3o de Crian\u00e7as e Jovens em Risco &#8211; <a style=\"color: #2896d1;\" href=\"https:\/\/www.cnpdpcj.gov.pt\/\" target=\"_blank\" rel=\"noopener\">https:\/\/www.cnpdpcj.gov.pt\/<\/a>.<\/span><\/p>\n\n\n\n<h3 class=\"wp-block-heading\"><strong>Links para sites externos<\/strong><\/h3>\n\n\n\n<p><span style=\"font-size: medium;\">Este Web site cont\u00e9m links para documentos localizados em sites mantidos por outras organiza\u00e7\u00f5es ou indiv\u00edduos. Quando decidir entrar num link para outro site, deve ter consci\u00eancia de que a Associa\u00e7\u00e3o Movimento Amamentar em Portugal n\u00e3o \u00e9 respons\u00e1vel pelas pr\u00e1ticas de privacidade ou pelo conte\u00fado desses sites.<\/span><\/p>\n\n\n\n<h3 class=\"wp-block-heading\"><strong>Remover seu nome da nossa base de dados<\/strong><\/h3>\n\n\n\n<p><span style=\"font-size: medium;\">Disponibilizamos a possibilidade de remover o seu nome da nossa lista de correio postal, para n\u00e3o receber mais comunica\u00e7\u00f5es futuras do nosso projeto. Se desejar remover permanentemente o seu nome, pode enviar uma mensagem em branco para o endere\u00e7o de correio eletr\u00f3nico <a style=\"color: #2896d1;\" href=\"mailto:privacidade@aoservicodaamamentacao.pt\" target=\"_blank\" rel=\"noopener\">privacidade@aoservicodaamamentacao.pt<\/a>. Se verificar que a nossa informa\u00e7\u00e3o sobre si \u00e9 imprecisa ou foi alterada, pode modificar as informa\u00e7\u00f5es, enviando um e-mail para <a style=\"color: #2896d1;\" href=\"mailto:privacidade@aoservicodaamamentacao.pt\" target=\"_blank\" rel=\"noopener\">privacidade@aoservicodaamamentacao.pt<\/a>.<\/span><\/p>\n\n\n\n<p><span style=\"font-size: medium;\">Se desejar inscrever, remover a sua inscri\u00e7\u00e3o ou modificar as suas subscri\u00e7\u00f5es da Associa\u00e7\u00e3o Movimento Amamentar em Portugal correio eletr\u00f3nico boletins de not\u00edcias, consulte os nossos Boletins de Not\u00edcias (Newsletters).<\/span><\/p>\n\n\n\n<h3 class=\"wp-block-heading\"><strong>Como solicitar informa\u00e7\u00f5es<\/strong><\/h3>\n\n\n\n<p><span style=\"font-size: medium;\">Se tiver coment\u00e1rios ou perguntas sobre nossa diretiva de privacidade online, n\u00e3o hesite em contactar-nos.<\/span><\/p>\n\n\n\n<div style=\"height:80px\" aria-hidden=\"true\" class=\"wp-block-spacer\"><\/div>\n","protected":false},"excerpt":{"rendered":"<p>Pol\u00edtica de Privacidade A Associa\u00e7\u00e3o Movimento Amamentar em Portugal est\u00e1 empenhada em manter a sua confian\u00e7a. A diretiva de privacidade online destina-se a proteger e resguardar os seus dados pessoais (quaisquer informa\u00e7\u00f5es pelas quais possa vir a ser identificado\/a) que venha a fornecer-nos online. Sensibiliza\u00e7\u00e3o A Associa\u00e7\u00e3o Movimento Amamentar em Portugal disponibiliza esta pol\u00edtica de&hellip;&nbsp;<a href=\"https:\/\/aoservicodaamamentacao.pt\/asa\/privacidade\/\" rel=\"bookmark\">Ler mais &raquo;<span class=\"screen-reader-text\">Privacidade<\/span><\/a><\/p>\n","protected":false},"author":1,"featured_media":0,"parent":0,"menu_order":0,"comment_status":"closed","ping_status":"closed","template":"","meta":{"_uag_custom_page_level_css":"","neve_meta_sidebar":"","neve_meta_container":"contained","neve_meta_enable_content_width":"","neve_meta_content_width":0,"neve_meta_title_alignment":"center","neve_meta_author_avatar":"","neve_post_elements_order":"","neve_meta_disable_header":"off","neve_meta_disable_footer":"","neve_meta_disable_title":"on","_themeisle_gutenberg_block_has_review":false,"_vp_format_video_url":"","_vp_image_focal_point":[],"footnotes":""},"class_list":["post-3","page","type-page","status-publish","hentry"],"yoast_head":"<!-- This site is optimized with the Yoast SEO plugin v27.5 - https:\/\/yoast.com\/product\/yoast-seo-wordpress\/ -->\n<title>Privacidade - ASA<\/title>\n<meta name=\"robots\" content=\"index, follow, max-snippet:-1, max-image-preview:large, max-video-preview:-1\" \/>\n<link rel=\"canonical\" href=\"https:\/\/aoservicodaamamentacao.pt\/asa\/privacidade\/\" \/>\n<meta property=\"og:locale\" content=\"pt_PT\" \/>\n<meta property=\"og:type\" content=\"article\" \/>\n<meta property=\"og:title\" content=\"Privacidade - ASA\" \/>\n<meta property=\"og:description\" content=\"Pol\u00edtica de Privacidade A Associa\u00e7\u00e3o Movimento Amamentar em Portugal est\u00e1 empenhada em manter a sua confian\u00e7a. A diretiva de privacidade online destina-se a proteger e resguardar os seus dados pessoais (quaisquer informa\u00e7\u00f5es pelas quais possa vir a ser identificado\/a) que venha a fornecer-nos online. Sensibiliza\u00e7\u00e3o A Associa\u00e7\u00e3o Movimento Amamentar em Portugal disponibiliza esta pol\u00edtica de&hellip;&nbsp;Ler mais &raquo;Privacidade\" \/>\n<meta property=\"og:url\" content=\"https:\/\/aoservicodaamamentacao.pt\/asa\/privacidade\/\" \/>\n<meta property=\"og:site_name\" content=\"ASA\" \/>\n<meta property=\"article:modified_time\" content=\"2024-11-30T03:19:53+00:00\" \/>\n<meta name=\"twitter:card\" content=\"summary_large_image\" \/>\n<meta name=\"twitter:label1\" content=\"Tempo estimado de leitura\" \/>\n\t<meta name=\"twitter:data1\" content=\"6 minutos\" \/>\n<script type=\"application\/ld+json\" class=\"yoast-schema-graph\">{\"@context\":\"https:\\\/\\\/schema.org\",\"@graph\":[{\"@type\":\"WebPage\",\"@id\":\"https:\\\/\\\/aoservicodaamamentacao.pt\\\/asa\\\/privacidade\\\/\",\"url\":\"https:\\\/\\\/aoservicodaamamentacao.pt\\\/asa\\\/privacidade\\\/\",\"name\":\"Privacidade - ASA\",\"isPartOf\":{\"@id\":\"https:\\\/\\\/aoservicodaamamentacao.pt\\\/asa\\\/#website\"},\"primaryImageOfPage\":{\"@id\":\"https:\\\/\\\/aoservicodaamamentacao.pt\\\/asa\\\/privacidade\\\/#primaryimage\"},\"image\":{\"@id\":\"https:\\\/\\\/aoservicodaamamentacao.pt\\\/asa\\\/privacidade\\\/#primaryimage\"},\"thumbnailUrl\":\"https:\\\/\\\/aoservicodaamamentacao.pt\\\/asa\\\/wp-content\\\/uploads\\\/2024\\\/06\\\/asa-amap_barra.jpg\",\"datePublished\":\"2024-05-21T22:21:51+00:00\",\"dateModified\":\"2024-11-30T03:19:53+00:00\",\"breadcrumb\":{\"@id\":\"https:\\\/\\\/aoservicodaamamentacao.pt\\\/asa\\\/privacidade\\\/#breadcrumb\"},\"inLanguage\":\"pt-PT\",\"potentialAction\":[{\"@type\":\"ReadAction\",\"target\":[\"https:\\\/\\\/aoservicodaamamentacao.pt\\\/asa\\\/privacidade\\\/\"]}]},{\"@type\":\"ImageObject\",\"inLanguage\":\"pt-PT\",\"@id\":\"https:\\\/\\\/aoservicodaamamentacao.pt\\\/asa\\\/privacidade\\\/#primaryimage\",\"url\":\"\",\"contentUrl\":\"\"},{\"@type\":\"BreadcrumbList\",\"@id\":\"https:\\\/\\\/aoservicodaamamentacao.pt\\\/asa\\\/privacidade\\\/#breadcrumb\",\"itemListElement\":[{\"@type\":\"ListItem\",\"position\":1,\"name\":\"In\u00edcio\",\"item\":\"https:\\\/\\\/aoservicodaamamentacao.pt\\\/asa\\\/\"},{\"@type\":\"ListItem\",\"position\":2,\"name\":\"Privacidade\"}]},{\"@type\":\"WebSite\",\"@id\":\"https:\\\/\\\/aoservicodaamamentacao.pt\\\/asa\\\/#website\",\"url\":\"https:\\\/\\\/aoservicodaamamentacao.pt\\\/asa\\\/\",\"name\":\"ASA\",\"description\":\"Associa\u00e7\u00e3o Movimento Amamentar em Portugal\",\"publisher\":{\"@id\":\"https:\\\/\\\/aoservicodaamamentacao.pt\\\/asa\\\/#organization\"},\"potentialAction\":[{\"@type\":\"SearchAction\",\"target\":{\"@type\":\"EntryPoint\",\"urlTemplate\":\"https:\\\/\\\/aoservicodaamamentacao.pt\\\/asa\\\/?s={search_term_string}\"},\"query-input\":{\"@type\":\"PropertyValueSpecification\",\"valueRequired\":true,\"valueName\":\"search_term_string\"}}],\"inLanguage\":\"pt-PT\"},{\"@type\":\"Organization\",\"@id\":\"https:\\\/\\\/aoservicodaamamentacao.pt\\\/asa\\\/#organization\",\"name\":\"ASA\",\"url\":\"https:\\\/\\\/aoservicodaamamentacao.pt\\\/asa\\\/\",\"logo\":{\"@type\":\"ImageObject\",\"inLanguage\":\"pt-PT\",\"@id\":\"https:\\\/\\\/aoservicodaamamentacao.pt\\\/asa\\\/#\\\/schema\\\/logo\\\/image\\\/\",\"url\":\"https:\\\/\\\/aoservicodaamamentacao.pt\\\/asa\\\/wp-content\\\/uploads\\\/2024\\\/09\\\/cropped-favicon.png\",\"contentUrl\":\"https:\\\/\\\/aoservicodaamamentacao.pt\\\/asa\\\/wp-content\\\/uploads\\\/2024\\\/09\\\/cropped-favicon.png\",\"width\":512,\"height\":512,\"caption\":\"ASA\"},\"image\":{\"@id\":\"https:\\\/\\\/aoservicodaamamentacao.pt\\\/asa\\\/#\\\/schema\\\/logo\\\/image\\\/\"},\"sameAs\":[\"https:\\\/\\\/www.instagram.com\\\/asa.amamentacao\\\/\"]}]}<\/script>\n<!-- \/ Yoast SEO plugin. -->","yoast_head_json":{"title":"Privacidade - ASA","robots":{"index":"index","follow":"follow","max-snippet":"max-snippet:-1","max-image-preview":"max-image-preview:large","max-video-preview":"max-video-preview:-1"},"canonical":"https:\/\/aoservicodaamamentacao.pt\/asa\/privacidade\/","og_locale":"pt_PT","og_type":"article","og_title":"Privacidade - ASA","og_description":"Pol\u00edtica de Privacidade A Associa\u00e7\u00e3o Movimento Amamentar em Portugal est\u00e1 empenhada em manter a sua confian\u00e7a. A diretiva de privacidade online destina-se a proteger e resguardar os seus dados pessoais (quaisquer informa\u00e7\u00f5es pelas quais possa vir a ser identificado\/a) que venha a fornecer-nos online. Sensibiliza\u00e7\u00e3o A Associa\u00e7\u00e3o Movimento Amamentar em Portugal disponibiliza esta pol\u00edtica de&hellip;&nbsp;Ler mais &raquo;Privacidade","og_url":"https:\/\/aoservicodaamamentacao.pt\/asa\/privacidade\/","og_site_name":"ASA","article_modified_time":"2024-11-30T03:19:53+00:00","twitter_card":"summary_large_image","twitter_misc":{"Tempo estimado de leitura":"6 minutos"},"schema":{"@context":"https:\/\/schema.org","@graph":[{"@type":"WebPage","@id":"https:\/\/aoservicodaamamentacao.pt\/asa\/privacidade\/","url":"https:\/\/aoservicodaamamentacao.pt\/asa\/privacidade\/","name":"Privacidade - ASA","isPartOf":{"@id":"https:\/\/aoservicodaamamentacao.pt\/asa\/#website"},"primaryImageOfPage":{"@id":"https:\/\/aoservicodaamamentacao.pt\/asa\/privacidade\/#primaryimage"},"image":{"@id":"https:\/\/aoservicodaamamentacao.pt\/asa\/privacidade\/#primaryimage"},"thumbnailUrl":"https:\/\/aoservicodaamamentacao.pt\/asa\/wp-content\/uploads\/2024\/06\/asa-amap_barra.jpg","datePublished":"2024-05-21T22:21:51+00:00","dateModified":"2024-11-30T03:19:53+00:00","breadcrumb":{"@id":"https:\/\/aoservicodaamamentacao.pt\/asa\/privacidade\/#breadcrumb"},"inLanguage":"pt-PT","potentialAction":[{"@type":"ReadAction","target":["https:\/\/aoservicodaamamentacao.pt\/asa\/privacidade\/"]}]},{"@type":"ImageObject","inLanguage":"pt-PT","@id":"https:\/\/aoservicodaamamentacao.pt\/asa\/privacidade\/#primaryimage","url":"","contentUrl":""},{"@type":"BreadcrumbList","@id":"https:\/\/aoservicodaamamentacao.pt\/asa\/privacidade\/#breadcrumb","itemListElement":[{"@type":"ListItem","position":1,"name":"In\u00edcio","item":"https:\/\/aoservicodaamamentacao.pt\/asa\/"},{"@type":"ListItem","position":2,"name":"Privacidade"}]},{"@type":"WebSite","@id":"https:\/\/aoservicodaamamentacao.pt\/asa\/#website","url":"https:\/\/aoservicodaamamentacao.pt\/asa\/","name":"ASA","description":"Associa\u00e7\u00e3o Movimento Amamentar em Portugal","publisher":{"@id":"https:\/\/aoservicodaamamentacao.pt\/asa\/#organization"},"potentialAction":[{"@type":"SearchAction","target":{"@type":"EntryPoint","urlTemplate":"https:\/\/aoservicodaamamentacao.pt\/asa\/?s={search_term_string}"},"query-input":{"@type":"PropertyValueSpecification","valueRequired":true,"valueName":"search_term_string"}}],"inLanguage":"pt-PT"},{"@type":"Organization","@id":"https:\/\/aoservicodaamamentacao.pt\/asa\/#organization","name":"ASA","url":"https:\/\/aoservicodaamamentacao.pt\/asa\/","logo":{"@type":"ImageObject","inLanguage":"pt-PT","@id":"https:\/\/aoservicodaamamentacao.pt\/asa\/#\/schema\/logo\/image\/","url":"https:\/\/aoservicodaamamentacao.pt\/asa\/wp-content\/uploads\/2024\/09\/cropped-favicon.png","contentUrl":"https:\/\/aoservicodaamamentacao.pt\/asa\/wp-content\/uploads\/2024\/09\/cropped-favicon.png","width":512,"height":512,"caption":"ASA"},"image":{"@id":"https:\/\/aoservicodaamamentacao.pt\/asa\/#\/schema\/logo\/image\/"},"sameAs":["https:\/\/www.instagram.com\/asa.amamentacao\/"]}]}},"uagb_featured_image_src":{"full":false,"thumbnail":false,"medium":false,"medium_large":false,"large":false,"1536x1536":false,"2048x2048":false,"vp_sm":false,"vp_md":false,"vp_lg":false,"vp_xl":false,"vp_sm_popup":false,"vp_md_popup":false,"vp_xl_popup":false,"neve-blog":false},"uagb_author_info":{"display_name":"anamneseasa","author_link":"https:\/\/aoservicodaamamentacao.pt\/asa\/author\/anamneseasa\/"},"uagb_comment_info":0,"uagb_excerpt":"Pol\u00edtica de Privacidade A Associa\u00e7\u00e3o Movimento Amamentar em Portugal est\u00e1 empenhada em manter a sua confian\u00e7a. A diretiva de privacidade online destina-se a proteger e resguardar os seus dados pessoais (quaisquer informa\u00e7\u00f5es pelas quais possa vir a ser identificado\/a) que venha a fornecer-nos online. Sensibiliza\u00e7\u00e3o A Associa\u00e7\u00e3o Movimento Amamentar em Portugal disponibiliza esta pol\u00edtica de&hellip;&nbsp;Ler&hellip;","_links":{"self":[{"href":"https:\/\/aoservicodaamamentacao.pt\/asa\/wp-json\/wp\/v2\/pages\/3","targetHints":{"allow":["GET"]}}],"collection":[{"href":"https:\/\/aoservicodaamamentacao.pt\/asa\/wp-json\/wp\/v2\/pages"}],"about":[{"href":"https:\/\/aoservicodaamamentacao.pt\/asa\/wp-json\/wp\/v2\/types\/page"}],"author":[{"embeddable":true,"href":"https:\/\/aoservicodaamamentacao.pt\/asa\/wp-json\/wp\/v2\/users\/1"}],"replies":[{"embeddable":true,"href":"https:\/\/aoservicodaamamentacao.pt\/asa\/wp-json\/wp\/v2\/comments?post=3"}],"version-history":[{"count":21,"href":"https:\/\/aoservicodaamamentacao.pt\/asa\/wp-json\/wp\/v2\/pages\/3\/revisions"}],"predecessor-version":[{"id":1972,"href":"https:\/\/aoservicodaamamentacao.pt\/asa\/wp-json\/wp\/v2\/pages\/3\/revisions\/1972"}],"wp:attachment":[{"href":"https:\/\/aoservicodaamamentacao.pt\/asa\/wp-json\/wp\/v2\/media?parent=3"}],"curies":[{"name":"wp","href":"https:\/\/api.w.org\/{rel}","templated":true}]}}